t of k?
7
Suppose 0 = 4*s + 5*d - 42, -d = -2*s + 4*d + 6. Suppose -5*x + 17 + s = 0. What is the units digit of x?
5
Let i = 235 - 204. Let y(f) = -17*f + 2. Let c be y(-5). Let p = c - i. What is the tens digit of p?
5
Suppose 3*w - 2338 + 310 = 0. Suppose -5*f + 0*h = h - w, 0 = -2*f + h + 276. What is the tens digit of f?
3
Let r(d) = -17*d + 100. What is the units digit of r(-17)?
9
Suppose -271 = -2*m + 3*o, -m + 6*m - 5*o = 680. What is the units digit of m?
7
Suppose 0 = o - 4*g + 84, 20 = -7*g + 12*g. What is the tens digit of 0/(-3 - (2 - 6)) - o?
6
What is the tens digit of 4/14 - 4563/(-273)?
1
What is the tens digit of (-5)/((-9)/24*(-4)/(-15))?
5
Let h(y) = 2*y + 9. Let w be h(-3). Let v(o) = 23*o + 5. What is the units digit of v(w)?
4
Suppose 107 = -5*o + 357. Suppose 3*z - 4*h = -o, -4*z - 4*h - 23 + 3 = 0. What is the units digit of (z/(-15))/(4/6)?
1
Suppose -4*n = -184 - 224. Suppose 0 = 6*f - n - 138. Suppose -2*u + f = 2*a, u = 2*a + 36 - 10. What is the tens digit of u?
2
Let o(c) = -c**3 - 12*c**2 + 20*c + 7. Suppose 0 = 10*q - 11*q - 13. Let p be o(q). Let b = -29 - p. What is the units digit of b?
5
Suppose 5*x - 5 = 3*u + 3, -x - 16 = -5*u. Let t be -2*(-2)/1 - x. Suppose 0 = 2*f - t*f - 148. What is the units digit of f?
4
Suppose -10*k + 37*k = 33021. What is the tens digit of k?
2
Suppose 14*m - m - 39 = 0. Suppose 0 = o - m*i - 14 - 8, 0 = 2*i - 4. What is the tens digit of o?
2
Let x(c) = -22*c - 170. What is the units digit of x(-11)?
2
Suppose -3*t - 2*t = -80. Let u be 2 + (-2)/(6/(-3)). Suppose u*q = -q + t. What is the units digit of q?
4
Suppose 5642 = 22*k - 15*k. What is the units digit of k?
6
Suppose r - 14 = 3*j, 3*j + 8 = -0*j - 2*r. Let z(i) = 5*i**2 - 5*i - 3. What is the units digit of z(j)?
7
Let y(n) be the first derivative of 7*n**3/3 + 3*n**2/2 + 12*n + 42. What is the hundreds digit of y(-6)?
2
Let a = 1 - -8. Let h = a + -15. Let f = h - -16. What is the units digit of f?
0
Let l = 2 + 19. Let j = 4 + l. What is the tens digit of j?
2
Suppose -3*h - 409 = -5*u, 335 = -5*h - 4*u - 285. Let n = 244 + h. Let f = n - 54. What is the units digit of f?
2
Let f(x) = 9*x**3 + 4*x**3 - 2 - 21*x - 12*x**3 + 16*x**2. What is the tens digit of f(-17)?
6
Let n(i) = -8*i - 4. Let w(v) = -v**2 + v - 2. Let z be w(2). Let y be n(z). Suppose 2*r = y + 12. What is the units digit of r?
0
Let n(o) = -o**3 + 21*o**2 + 2*o + 41. What is the units digit of n(19)?
1
Suppose 4*k = 4*q + 304, 5*k - 93 - 295 = 3*q. Let m = k - -46. What is the units digit of (-2)/(-6) - m/(-27)?
5
Let v(u) = 169*u - 591. What is the tens digit of v(22)?
2
Let f(o) = -o**3 + o + 6. Let j be 0/(-1 + (1 - -2)). Let g be f(j). What is the units digit of ((-17)/5)/(g/(-30))?
7
Let t(l) = -10*l - 5. Let h(i) = 2*i - 11. Let y be h(8). Let s be (-11 + y)*(-1)/(-2). What is the units digit of t(s)?
5
Let k = 4096 - -1689. What is the tens digit of k?
8
Suppose -5*w + 5*l + 405 = 0, 2*l - 1 = 7. What is the units digit of w?
5
Let p(h) = h**3 + 30*h**2 + 55*h - 50. What is the units digit of p(-27)?
2
Suppose 4*q - 5820 = -q + 4*k, 3505 = 3*q - 5*k. Suppose 5*x - q = -4*r, 0 = r - 2*r - 5. What is the units digit of x?
6
Suppose 55 = -5*d - 4*h, 5*d + 2*h + 70 = h. What is the tens digit of (6/d)/(2/(-80))?
1
Suppose -l - 2*x - 2 = 3*x, 3*x + 3 = 0. Suppose c + l = -6. Let o = c + 20. What is the units digit of o?
1
Suppose -2*c + 6*c = -k - 5, -2 = -2*c - 2*k. Let p(h) = 5*h**2 + 2*h - 1. What is the tens digit of p(c)?
1
Let h(z) = z**2 + 6*z - 49. Let o be h(-21). Suppose -4*t - 337 = -r, 2*r = t + 401 + o. What is the hundreds digit of r?
3
Suppose -3*t + 4*x = 7, -3*t - 3*x + 6 = -15. Suppose -3*l + t*v = -717, 2*l = v + 746 - 266. What is the units digit of l?
1
Let l(t) = -6*t**3 - 4*t**2 + 5*t - 21. Let u(z) = 5*z**3 + 5*z**2 - 4*z + 21. Let s(g) = -4*l(g) - 5*u(g). What is the tens digit of s(-10)?
7
Let h be 10525/(-100) + 1/4. What is the units digit of (-15)/3 + (-4 - h)?
6
What is the hundreds digit of 655 - (-3 - -1 - -10)?
6
Let i = 2490 - 1371. What is the hundreds digit of i?
1
Let y(o) = -14*o - 1. Let n be y(-4). Let u = n + -86. Let l = u - -59. What is the tens digit of l?
2
Let k(v) = -9*v + 324. What is the hundreds digit of k(9)?
2
Let v be -10 - -16 - (-2)/(-4)*2. What is the tens digit of v/20 - (-934)/8?
1
Let r(h) = h - 1. Let w(z) = -3*z**2 - 10*z + 3. Let u(n) = -n - 6. Let b be u(-5). Let d(j) = b*w(j) - 6*r(j). What is the units digit of d(-2)?
7
Let b = 1671 + -1045. What is the units digit of b?
6
Let o be 5/(-50)*-5*10. Suppose -m + 14 = -3*r - 3, -r + 5 = o*m. What is the units digit of (-1 + 0 + m)*43?
3
Suppose 734 = -2*g + 2768. What is the hundreds digit of g?
0
Let k(r) = 125*r**3 + 2*r**2 - 2*r. Let l be k(1). Suppose -f + 75 - 20 = z, -2*z + f = -l. What is the tens digit of z?
6
Let r be (-2 + 1)*(15 + -5). Let j = r + 11. Suppose 3*y = f + y + j, -4*y + 5 = -f. What is the units digit of f?
3
Let y = -11 + 13. Let l be 2/(-9) + (-600)/(-27). Suppose -3*m + 3*x = -y*x - l, 0 = -m - x + 10. What is the units digit of m?
9
Let p = -1434 - -1755. What is the units digit of p?
1
Suppose 24*g - 13*g = 55. Suppose g*a - 2*m - 404 = 0, 3*m - 413 = -5*a - 19. What is the units digit of a?
0
Suppose -n + 10 = 2*g, -20 = -3*n + n + 4*g. Suppose -15 = -5*l + n. Suppose l*y = a + 4*a - 380, 5*a + y - 368 = 0. What is the units digit of a?
4
Suppose -4*b = -448 + 116. What is the units digit of b?
3
Suppose 0*l + 24 = 2*l. Let p(j) = 11 + 2*j**2 + l - 16. What is the tens digit of p(-3)?
2
Suppose -6*g = -4*g - 4. Suppose -83 = -4*b - g*t + 55, -b = 3*t - 42. What is the units digit of b?
3
What is the thousands digit of 6/10*(8910 - -25)?
5
Suppose -8 = 3*s - 14. Let i be 671/s - 18/12. Suppose -5*v = 4*a - i, 2*v - 156 = 3*a + a. What is the units digit of v?
0
What is the units digit of -2 + 38/20 - 35555/(-50)?
1
Let c be (-1)/(-1 + 60/64). Suppose -2*b - 2*b - 5*d + 96 = 0, c = -4*d. What is the tens digit of b?
2
Suppose 33 = 2*g - 7*n + 2*n, -3*g + 27 = -3*n. Let m be (g + 46/(-10))*-5. What is the units digit of m/(-6)*-6 - -47?
0
What is the units digit of (-7)/7*-3897 - -6?
3
Let c(b) = 26*b**3 - 9*b**2 + 13*b - 53. What is the thousands digit of c(6)?
5
Suppose 9*q = 5*q - 688. Let n = 6 - q. Let j = n + -108. What is the tens digit of j?
7
Let b be -2 + (1 + 2 - -1) - 0. What is the hundreds digit of (-21 - -131)*b/(1 + 1)?
1
Suppose 4*h = 9*h. Suppose 4*o - 135 - 93 = h. What is the tens digit of o?
5
Suppose 0 = 25*q - 23*q. Suppose 0 = -2*p + 4, q = -4*r + p + 2*p + 170. What is the tens digit of r?
4
Suppose -139 - 83 = -2*t. Let y = t - 86. What is the units digit of y?
5
Suppose 643*n - 27712 = 635*n. What is the hundreds digit of n?
4
Let v = -119 + 230. Let x = 189 - v. What is the units digit of x?
8
Suppose 0 = -4*x - 3*m + 86, x + 3*m + 2*m - 13 = 0. Suppose 0 = -g + 9 + x. What is the units digit of g?
2
Let f(t) = -t**3 + 2*t**2 + 20*t - 3. What is the units digit of f(-4)?
3
Suppose -4*i = -3*o - 2763, -i - 122 + 809 = 3*o. What is the units digit of i?
0
Let l be 7/3 + 5/3 + -1. Suppose 4 = -l*m + 460. What is the hundreds digit of m?
1
Suppose 5*d - 99 = 2*d. Let g = d + -2. Suppose -3*b + 3*s + 81 = -21, 0 = b + 2*s - g. What is the tens digit of b?
3
Suppose -48 = -36*i + 30*i. Suppose -i = -8*z + 4*z. What is the units digit of z?
2
Let a = -1203 - -1689. What is the tens digit of a?
8
Let w(u) = 1 - u**2 - 1 + 8*u + 0 + 3. Let b be w(8). Suppose b*g - 35 = -2. What is the units digit of g?
1
Suppose i + 45 - 55 = 0. Suppose 0*c + 3080 = i*c. What is the hundreds digit of c?
3
Suppose 3*v - s + 68 = -36, -4*v + 5*s = 157. Let q be (-4)/22 + (-1029)/v. Let h = q - -10. What is the tens digit of h?
4
Let w = -1668 - -3141. What is the tens digit of w?
7
Suppose -o - 5*a + 18 = 0, -3*a + 6 = -a. Suppose -2*c + 2*g + 324 = 0, o*g - 170 = -c + 6*g. What is the tens digit of c?
5
Let f = -16 - 15. Let i = 27 + f. What is the tens digit of i/(-6 + 2) + 14?
1
Let m be 0 + 3 + (-7 + -97)*1. What is the units digit of (12/(-11))/6 - m/11?
9
Let y(z) = 9*z**2 + 17*z + 3. Let g(h) = 6*h**2 + 11*h + 2. Let w = -3 - 2. Let r(n) = w*y(n) + 8*g(n). What is the units digit of r(-2)?
7
Let v(i)